{"id":5605,"date":"2025-01-01T13:50:39","date_gmt":"2025-01-01T11:50:39","guid":{"rendered":"https:\/\/heimatnah.com\/?page_id=5605"},"modified":"2026-03-18T18:12:22","modified_gmt":"2026-03-18T17:12:22","slug":"home","status":"publish","type":"page","link":"https:\/\/heimatnah.com\/","title":{"rendered":"Home"},"content":{"rendered":"\n<div class=\"wp-block-group alignfull coblocks-animate has-global-padding is-layout-constrained wp-container-core-group-is-layout-36f65c2d wp-block-group-is-layout-constrained\" style=\"margin-top:0;margin-bottom:0;padding-top:var(--wp--preset--spacing--50);padding-right:var(--wp--preset--spacing--50);padding-bottom:var(--wp--preset--spacing--50);padding-left:var(--wp--preset--spacing--50)\" data-coblocks-animation=\"clipVertical\">\n<div class=\"wp-block-columns alignwide are-vertically-aligned-center is-layout-flex wp-container-core-columns-is-layout-ca2b64f2 wp-block-columns-is-layout-flex\">\n<div class=\"wp-block-column is-vertically-aligned-center is-layout-flow wp-block-column-is-layout-flow\" style=\"flex-basis:50%\">\n<h1 class=\"wp-block-heading has-text-align-center coblocks-animate\" data-coblocks-animation=\"slideInLeft\">Reise Inspiration Design   Herzlich Willkommen!<\/h1>\n\n\n\n<ul style=\"line-height:1.75\" class=\"wp-block-list is-style-none\">\n<li>Peppe deinen Look auf und entdecke die Vielfalt im neuen Onlineshop: W\u00e4hle aus einzigartigen handgefertigten Produkten und finde dein individuelles Lieblingsst\u00fcck f\u00fcr entspannte Momente.<\/li>\n\n\n\n<li>F\u00fcr jeden das richtige Accessoire.<\/li>\n<\/ul>\n\n\n\n<div class=\"wp-block-buttons is-content-justification-center is-layout-flex wp-container-core-buttons-is-layout-0aa01211 wp-block-buttons-is-layout-flex\">\n<div class=\"wp-block-button is-style-circular\"><a class=\"wp-block-button__link has-text-align-center wp-element-button\" href=\"https:\/\/heimatnah.com\/?post_type=product\">ZUM SHOP &#8211; ALLE ARTIKEL<\/a><\/div>\n<\/div>\n<\/div>\n\n\n\n<div class=\"wp-block-column is-layout-flow wp-block-column-is-layout-flow\">\n<div class=\"alignnormal\"><div id=\"metaslider-id-5623\" style=\"width: 100%;\" class=\"ml-slider-3-108-0 metaslider metaslider-flex metaslider-5623 ml-slider has-dots-nav ms-theme-jenga\" role=\"region\" aria-label=\"New Slideshow\" data-height=\"300\" data-width=\"1000\">\n    <div id=\"metaslider_container_5623\">\n        <div id=\"metaslider_5623\">\n            <ul class='slides'>\n                <li style=\"display: block; width: 100%;\" class=\"slide-5624 ms-image \" aria-roledescription=\"slide\" data-date=\"2025-01-01 18:42:25\" data-filename=\"image-2017-11-10-3.jpg\" data-slide-type=\"image\"><img loading=\"lazy\" decoding=\"async\" width=\"806\" height=\"605\" src=\"https:\/\/i0.wp.com\/heimatnah.com\/wp-content\/uploads\/2017\/11\/image-2017-11-10-3.jpg?fit=806%2C605&amp;ssl=1\" class=\"slider-5623 slide-5624 msDefaultImage\" alt=\"\" rel=\"\" title=\"image-2017-11-10-3\" data-attachment-id=\"1041\" data-permalink=\"https:\/\/heimatnah.com\/?attachment_id=1041\" data-orig-file=\"https:\/\/i0.wp.com\/heimatnah.com\/wp-content\/uploads\/2017\/11\/image-2017-11-10-3.jpg?fit=806%2C605&amp;ssl=1\" data-orig-size=\"806,605\" data-comments-opened=\"1\" data-image-meta=\"{&quot;aperture&quot;:&quot;0&quot;,&quot;credit&quot;:&quot;&quot;,&quot;camera&quot;:&quot;&quot;,&quot;caption&quot;:&quot;&quot;,&quot;created_timestamp&quot;:&quot;0&quot;,&quot;copyright&quot;:&quot;&quot;,&quot;focal_length&quot;:&quot;0&quot;,&quot;iso&quot;:&quot;0&quot;,&quot;shutter_speed&quot;:&quot;0&quot;,&quot;title&quot;:&quot;&quot;,&quot;orientation&quot;:&quot;0&quot;}\" data-image-title=\"image-2017-11-10-3\" data-image-description=\"\" data-image-caption=\"\" data-large-file=\"https:\/\/i0.wp.com\/heimatnah.com\/wp-content\/uploads\/2017\/11\/image-2017-11-10-3.jpg?fit=806%2C605&amp;ssl=1\" \/><div class=\"caption-wrap\"><div class=\"caption\"><h4 style=\"text-align:center;\"><span style=\"color:rgb(5,176,182);\">Sieh die Welt aus einer neuen Perspektive<\/span><\/h4><\/div><\/div><\/li>\n                <li style=\"display: none; width: 100%;\" class=\"slide-5625 ms-image \" aria-roledescription=\"slide\" data-date=\"2025-01-01 18:43:15\" data-filename=\"image-2017-12-02-2.jpg\" data-slide-type=\"image\"><img loading=\"lazy\" decoding=\"async\" width=\"806\" height=\"605\" src=\"https:\/\/i0.wp.com\/heimatnah.com\/wp-content\/uploads\/2017\/12\/image-2017-12-02-2.jpg?fit=806%2C605&amp;ssl=1\" class=\"slider-5623 slide-5625 msDefaultImage\" alt=\"\" rel=\"\" title=\"Hygge\" data-attachment-id=\"1235\" data-permalink=\"https:\/\/heimatnah.com\/?attachment_id=1235\" data-orig-file=\"https:\/\/i0.wp.com\/heimatnah.com\/wp-content\/uploads\/2017\/12\/image-2017-12-02-2.jpg?fit=806%2C605&amp;ssl=1\" data-orig-size=\"806,605\" data-comments-opened=\"1\" data-image-meta=\"{&quot;aperture&quot;:&quot;0&quot;,&quot;credit&quot;:&quot;&quot;,&quot;camera&quot;:&quot;&quot;,&quot;caption&quot;:&quot;&quot;,&quot;created_timestamp&quot;:&quot;0&quot;,&quot;copyright&quot;:&quot;&quot;,&quot;focal_length&quot;:&quot;0&quot;,&quot;iso&quot;:&quot;0&quot;,&quot;shutter_speed&quot;:&quot;0&quot;,&quot;title&quot;:&quot;&quot;,&quot;orientation&quot;:&quot;0&quot;}\" data-image-title=\"Hygge\" data-image-description=\"\" data-image-caption=\"\" data-large-file=\"https:\/\/i0.wp.com\/heimatnah.com\/wp-content\/uploads\/2017\/12\/image-2017-12-02-2.jpg?fit=806%2C605&amp;ssl=1\" \/><div class=\"caption-wrap\"><div class=\"caption\"><h4 style=\"text-align:center;\"><span style=\"color:rgb(5,176,182);\">Wohnqualit\u00e4t steigern<\/span><\/h4><\/div><\/div><\/li>\n                <li style=\"display: none; width: 100%;\" class=\"slide-5626 ms-image \" aria-roledescription=\"slide\" data-date=\"2025-01-01 18:44:29\" data-filename=\"wp-1648457800163.jpg\" data-slide-type=\"image\"><img loading=\"lazy\" decoding=\"async\" width=\"3368\" height=\"2526\" src=\"https:\/\/i0.wp.com\/heimatnah.com\/wp-content\/uploads\/2022\/03\/wp-1648457800163.jpg?fit=3368%2C2526&amp;ssl=1\" class=\"slider-5623 slide-5626 msDefaultImage\" alt=\"\" rel=\"\" title=\"Yogakissen\" srcset=\"https:\/\/i0.wp.com\/heimatnah.com\/wp-content\/uploads\/2022\/03\/wp-1648457800163.jpg?w=3368&amp;ssl=1 3368w, https:\/\/i0.wp.com\/heimatnah.com\/wp-content\/uploads\/2022\/03\/wp-1648457800163.jpg?w=2000&amp;ssl=1 2000w, https:\/\/i0.wp.com\/heimatnah.com\/wp-content\/uploads\/2022\/03\/wp-1648457800163.jpg?w=3000&amp;ssl=1 3000w\" sizes=\"auto, (max-width: 1000px) 100vw, 1000px\" data-attachment-id=\"3284\" data-permalink=\"https:\/\/heimatnah.com\/?attachment_id=3284\" data-orig-file=\"https:\/\/i0.wp.com\/heimatnah.com\/wp-content\/uploads\/2022\/03\/wp-1648457800163.jpg?fit=3368%2C2526&amp;ssl=1\" data-orig-size=\"3368,2526\" data-comments-opened=\"1\" data-image-meta=\"{&quot;aperture&quot;:&quot;2.2&quot;,&quot;credit&quot;:&quot;&quot;,&quot;camera&quot;:&quot;PRA-LX1&quot;,&quot;caption&quot;:&quot;bty&quot;,&quot;created_timestamp&quot;:&quot;1648210652&quot;,&quot;copyright&quot;:&quot;&quot;,&quot;focal_length&quot;:&quot;3.83&quot;,&quot;iso&quot;:&quot;125&quot;,&quot;shutter_speed&quot;:&quot;0.03&quot;,&quot;title&quot;:&quot;bty&quot;,&quot;orientation&quot;:&quot;1&quot;,&quot;latitude&quot;:&quot;47.093273162778&quot;,&quot;longitude&quot;:&quot;14.321203231667&quot;}\" data-image-title=\"Yogakissen\" data-image-description=\"\" data-image-caption=\"\" data-large-file=\"https:\/\/i0.wp.com\/heimatnah.com\/wp-content\/uploads\/2022\/03\/wp-1648457800163.jpg?fit=1024%2C768&amp;ssl=1\" \/><div class=\"caption-wrap\"><div class=\"caption\"><h4 style=\"text-align:center;\"><span style=\"color:rgb(5,176,182);\">Seltene Einzelst\u00fccke<\/span><\/h4><\/div><\/div><\/li>\n            <\/ul>\n        <\/div>\n        \n    <\/div>\n<\/div><\/div>\n<\/div>\n<\/div>\n<\/div>\n\n\n\n<p class=\"wp-block-paragraph\"><\/p>\n","protected":false},"excerpt":{"rendered":"<p>Reise Inspiration Design Herzlich Willkommen!<\/p>\n","protected":false},"author":126906401,"featured_media":0,"parent":0,"menu_order":0,"comment_status":"closed","ping_status":"closed","template":"page-no-title","meta":{"_coblocks_attr":"","_coblocks_dimensions":"","_coblocks_responsive_height":"","_coblocks_accordion_ie_support":"","_crdt_document":"","footnotes":""},"class_list":["post-5605","page","type-page","status-publish","hentry"],"yoast_head":"<!-- This site is optimized with the Yoast SEO plugin v27.5 - https:\/\/yoast.com\/product\/yoast-seo-wordpress\/ -->\n<title>Home - Heimatnah<\/title>\n<meta name=\"robots\" content=\"index, follow, max-snippet:-1, max-image-preview:large, max-video-preview:-1\" \/>\n<link rel=\"canonical\" href=\"https:\/\/heimatnah.com\/\" \/>\n<meta property=\"og:locale\" content=\"de_DE\" \/>\n<meta property=\"og:type\" content=\"article\" \/>\n<meta property=\"og:title\" content=\"Home - Heimatnah\" \/>\n<meta property=\"og:description\" content=\"Reise Inspiration Design Herzlich Willkommen!\" \/>\n<meta property=\"og:url\" content=\"https:\/\/heimatnah.com\/\" \/>\n<meta property=\"og:site_name\" content=\"Heimatnah\" \/>\n<meta property=\"article:modified_time\" content=\"2026-03-18T17:12:22+00:00\" \/>\n<meta name=\"twitter:card\" content=\"summary_large_image\" \/>\n<meta name=\"twitter:label1\" content=\"Gesch\u00e4tzte Lesezeit\" \/>\n\t<meta name=\"twitter:data1\" content=\"1\u00a0Minute\" \/>\n<script type=\"application\/ld+json\" class=\"yoast-schema-graph\">{\"@context\":\"https:\\\/\\\/schema.org\",\"@graph\":[{\"@type\":\"WebPage\",\"@id\":\"https:\\\/\\\/heimatnah.com\\\/\",\"url\":\"https:\\\/\\\/heimatnah.com\\\/\",\"name\":\"Home - Heimatnah\",\"isPartOf\":{\"@id\":\"https:\\\/\\\/heimatnah.com\\\/#website\"},\"datePublished\":\"2025-01-01T11:50:39+00:00\",\"dateModified\":\"2026-03-18T17:12:22+00:00\",\"breadcrumb\":{\"@id\":\"https:\\\/\\\/heimatnah.com\\\/#breadcrumb\"},\"inLanguage\":\"de\",\"potentialAction\":[{\"@type\":\"ReadAction\",\"target\":[\"https:\\\/\\\/heimatnah.com\\\/\"]}]},{\"@type\":\"BreadcrumbList\",\"@id\":\"https:\\\/\\\/heimatnah.com\\\/#breadcrumb\",\"itemListElement\":[{\"@type\":\"ListItem\",\"position\":1,\"name\":\"Startseite\",\"item\":\"https:\\\/\\\/heimatnah.com\\\/\"},{\"@type\":\"ListItem\",\"position\":2,\"name\":\"Home\"}]},{\"@type\":\"WebSite\",\"@id\":\"https:\\\/\\\/heimatnah.com\\\/#website\",\"url\":\"https:\\\/\\\/heimatnah.com\\\/\",\"name\":\"Heimatnah\",\"description\":\"Reise  Inspiration  Design\",\"publisher\":{\"@id\":\"https:\\\/\\\/heimatnah.com\\\/#organization\"},\"potentialAction\":[{\"@type\":\"SearchAction\",\"target\":{\"@type\":\"EntryPoint\",\"urlTemplate\":\"https:\\\/\\\/heimatnah.com\\\/?s={search_term_string}\"},\"query-input\":{\"@type\":\"PropertyValueSpecification\",\"valueRequired\":true,\"valueName\":\"search_term_string\"}}],\"inLanguage\":\"de\"},{\"@type\":\"Organization\",\"@id\":\"https:\\\/\\\/heimatnah.com\\\/#organization\",\"name\":\"Heimatnah\",\"url\":\"https:\\\/\\\/heimatnah.com\\\/\",\"logo\":{\"@type\":\"ImageObject\",\"inLanguage\":\"de\",\"@id\":\"https:\\\/\\\/heimatnah.com\\\/#\\\/schema\\\/logo\\\/image\\\/\",\"url\":\"https:\\\/\\\/i0.wp.com\\\/heimatnah.com\\\/wp-content\\\/uploads\\\/2018\\\/03\\\/cropped-mountain-road-e1629038020930.png?fit=512%2C419&ssl=1\",\"contentUrl\":\"https:\\\/\\\/i0.wp.com\\\/heimatnah.com\\\/wp-content\\\/uploads\\\/2018\\\/03\\\/cropped-mountain-road-e1629038020930.png?fit=512%2C419&ssl=1\",\"width\":512,\"height\":419,\"caption\":\"Heimatnah\"},\"image\":{\"@id\":\"https:\\\/\\\/heimatnah.com\\\/#\\\/schema\\\/logo\\\/image\\\/\"},\"sameAs\":[\"https:\\\/\\\/at.pinterest.com\\\/heimatnaht\"]}]}<\/script>\n<!-- \/ Yoast SEO plugin. -->","yoast_head_json":{"title":"Home - Heimatnah","robots":{"index":"index","follow":"follow","max-snippet":"max-snippet:-1","max-image-preview":"max-image-preview:large","max-video-preview":"max-video-preview:-1"},"canonical":"https:\/\/heimatnah.com\/","og_locale":"de_DE","og_type":"article","og_title":"Home - Heimatnah","og_description":"Reise Inspiration Design Herzlich Willkommen!","og_url":"https:\/\/heimatnah.com\/","og_site_name":"Heimatnah","article_modified_time":"2026-03-18T17:12:22+00:00","twitter_card":"summary_large_image","twitter_misc":{"Gesch\u00e4tzte Lesezeit":"1\u00a0Minute"},"schema":{"@context":"https:\/\/schema.org","@graph":[{"@type":"WebPage","@id":"https:\/\/heimatnah.com\/","url":"https:\/\/heimatnah.com\/","name":"Home - Heimatnah","isPartOf":{"@id":"https:\/\/heimatnah.com\/#website"},"datePublished":"2025-01-01T11:50:39+00:00","dateModified":"2026-03-18T17:12:22+00:00","breadcrumb":{"@id":"https:\/\/heimatnah.com\/#breadcrumb"},"inLanguage":"de","potentialAction":[{"@type":"ReadAction","target":["https:\/\/heimatnah.com\/"]}]},{"@type":"BreadcrumbList","@id":"https:\/\/heimatnah.com\/#breadcrumb","itemListElement":[{"@type":"ListItem","position":1,"name":"Startseite","item":"https:\/\/heimatnah.com\/"},{"@type":"ListItem","position":2,"name":"Home"}]},{"@type":"WebSite","@id":"https:\/\/heimatnah.com\/#website","url":"https:\/\/heimatnah.com\/","name":"Heimatnah","description":"Reise  Inspiration  Design","publisher":{"@id":"https:\/\/heimatnah.com\/#organization"},"potentialAction":[{"@type":"SearchAction","target":{"@type":"EntryPoint","urlTemplate":"https:\/\/heimatnah.com\/?s={search_term_string}"},"query-input":{"@type":"PropertyValueSpecification","valueRequired":true,"valueName":"search_term_string"}}],"inLanguage":"de"},{"@type":"Organization","@id":"https:\/\/heimatnah.com\/#organization","name":"Heimatnah","url":"https:\/\/heimatnah.com\/","logo":{"@type":"ImageObject","inLanguage":"de","@id":"https:\/\/heimatnah.com\/#\/schema\/logo\/image\/","url":"https:\/\/i0.wp.com\/heimatnah.com\/wp-content\/uploads\/2018\/03\/cropped-mountain-road-e1629038020930.png?fit=512%2C419&ssl=1","contentUrl":"https:\/\/i0.wp.com\/heimatnah.com\/wp-content\/uploads\/2018\/03\/cropped-mountain-road-e1629038020930.png?fit=512%2C419&ssl=1","width":512,"height":419,"caption":"Heimatnah"},"image":{"@id":"https:\/\/heimatnah.com\/#\/schema\/logo\/image\/"},"sameAs":["https:\/\/at.pinterest.com\/heimatnaht"]}]}},"jetpack_sharing_enabled":false,"jetpack_shortlink":"https:\/\/wp.me\/P97bXG-1sp","jetpack-related-posts":[],"_links":{"self":[{"href":"https:\/\/heimatnah.com\/index.php?rest_route=\/wp\/v2\/pages\/5605","targetHints":{"allow":["GET"]}}],"collection":[{"href":"https:\/\/heimatnah.com\/index.php?rest_route=\/wp\/v2\/pages"}],"about":[{"href":"https:\/\/heimatnah.com\/index.php?rest_route=\/wp\/v2\/types\/page"}],"author":[{"embeddable":true,"href":"https:\/\/heimatnah.com\/index.php?rest_route=\/wp\/v2\/users\/126906401"}],"replies":[{"embeddable":true,"href":"https:\/\/heimatnah.com\/index.php?rest_route=%2Fwp%2Fv2%2Fcomments&post=5605"}],"version-history":[{"count":22,"href":"https:\/\/heimatnah.com\/index.php?rest_route=\/wp\/v2\/pages\/5605\/revisions"}],"predecessor-version":[{"id":6860,"href":"https:\/\/heimatnah.com\/index.php?rest_route=\/wp\/v2\/pages\/5605\/revisions\/6860"}],"wp:attachment":[{"href":"https:\/\/heimatnah.com\/index.php?rest_route=%2Fwp%2Fv2%2Fmedia&parent=5605"}],"curies":[{"name":"wp","href":"https:\/\/api.w.org\/{rel}","templated":true}]}}